 What is the units digit of j?
4
Let c(b) = 5*b**2 - b + 4. Let x be c(-3). Let r = 95 - x. What is the tens digit of r?
4
Suppose 6*f - 2 - 4 = 0. Let d be f - (-1 + (1 - 2)). Suppose d*y - 48 = 3*j, 4*y - j = 39 + 34. What is the units digit of y?
9
Let i be 5 + -3 - 1 - -2. Suppose 2*g + g + 3*j + i = 0, -12 = 4*j. What is the units digit of (-3 - -20*g) + 3?
0
Let l = 9 + -7. Suppose -l*t = 2*t. What is the tens digit of -55*((-9)/15 - t)?
3
Let b(h) = 2*h - 25. What is the units digit of b(15)?
5
Suppose 1 = 2*y - 3*h, 3*y - h + 3 = 4*y. Let j = 13 + y. Suppose 0 = -3*c - j, m = 2*m - 3*c - 52. What is the units digit of m?
7
Let s be ((-20)/6)/((-2)/(-3)). Let p(v) = 7*v**2 - 6*v - 2. Let n be p(s). Suppose 5*h = -43 + n. What is the tens digit of h?
3
Let q = -329 + 575. Let f = -66 + q. What is the units digit of f?
0
Let a(y) = -y**3 + 24*y**2 + 4*y. Let p be a(24). Suppose -3*f = 3*k - 186, 27 = 3*f + 4*k - 159. Let m = p - f. What is the tens digit of m?
3
Let d be 0*(9/6 + -2). Suppose -2*a + d*a + g = -353, -a + 5*g + 181 = 0. What is the units digit of a?
6
Suppose -f + 2*n = 2*f + 323, -101 = f - 2*n. What is the tens digit of (10/(-3))/5*(f - 3)?
7
Suppose q - 4*q + 3434 = 2*h, h = -5*q + 5728. Suppose 3*u + 2*z - 620 = 66, -4*z = 5*u - q. What is the tens digit of u?
2
What is the tens digit of (-37 + 33)/(2/(-410))?
2
Let l(i) = 7*i**2 - 4*i - 8. Let v be l(4). Suppose -72 = -y + v. What is the units digit of y?
0
Let l(z) = -z**2 + 28*z - 26. Let h be (288/84)/((-6)/(-28)). What is the units digit of l(h)?
6
Let p(w) = w**3 + 5*w**2 - 3*w - 3. Suppose 5*i = 3 - 13, 5*i = 2*l. Let f be p(l). Suppose 4*j - f - 20 = 0. What is the units digit of j?
8
Suppose 15*n + 14*n - 46313 = 0. What is the tens digit of n?
9
Let o be (-2)/((-24)/1299) + 3/(-12). Suppose -3*z - o + 666 = 0. What is the tens digit of z?
8
Let b be 9/(-6)*-10*(1 - 4). Let a = 143 + b. What is the tens digit of a?
9
Let u(t) be the second derivative of 0 + 1/20*t**5 + 1/3*t**3 - 2/3*t**4 + 9*t - 4*t**2. What is the units digit of u(8)?
8
Suppose -3*u + 2*u + 285 = 3*d, 3*d - 291 = -3*u. Let f = 95 + d. What is the units digit of f?
9
Suppose -3*a + 154 = b + 35, 0 = -3*a - 5*b + 139. Let i = a - -88. What is the hundreds digit of i?
1
Suppose -2*z + 14 - 10 = 0. Suppose -3*q + 3*j + 9 = 0, 0 = -5*q - j + z*j + 23. Suppose -b = -0*k + 2*k - 25, -4*k + 119 = q*b. What is the tens digit of b?
2
Let r = -1928 + 2888. What is the units digit of r?
0
Suppose 0 = -4*u + 1312 + 9632. What is the tens digit of u?
3
Suppose -2*h + 45 = h. Let k = -12 + h. What is the units digit of 10/k*(-18)/(-12)?
5
Let t(z) = 2*z + 7. Let h be 2/(-19) + (-116)/(-19). What is the tens digit of t(h)?
1
Let k = -9 - -29. Let j = k + -17. Suppose -j*x + 29 = -2*x. What is the units digit of x?
9
Let n be (1 - -3) + -8 - -9. Suppose -10 = n*x, 0*x - 265 = -5*l + 5*x. What is the tens digit of l?
5
What is the hundreds digit of -18*11*65/(-10)?
2
Let j = -1612 - -4567. What is the thousands digit of j?
2
What is the tens digit of (9/18)/(1/1594) + -3?
9
What is the units digit of 359/(-5*(-5)/50) - 4?
4
Suppose -f = -5*i - 25, 2*f - 53 - 42 = -5*i. Suppose 4*p = -1 - 3, -f = -4*v - 4*p. What is the tens digit of v?
1
Let r(b) = -3*b**2 - 5. Let t be r(-3). What is the units digit of (-2)/4*(t - -2)?
5
Let b = 1 - -13. Let d be (-4)/b + (-708)/(-28). Let l = -10 + d. What is the tens digit of l?
1
Let z(x) = x**2 - 10*x + 4. Let u be z(-6). What is the units digit of (u/15)/(1/(54/4))?
0
Let q = -32 + 36. Suppose 3*r - 3*c = 525, -r + 205 = q*c + c. What is the tens digit of r?
8
Suppose -28 = -3*m - 2*z - 2*z, -5*m + 3*z = -8. Suppose -3*w + 166 = -m*v - 9, 5*v = -w + 71. What is the tens digit of w?
6
Let v = -744 - -5935. What is the units digit of v?
1
Suppose 4*j + 28 + 24 = 0. Let t(n) = -n**2 + 18 + 2 - 9 + 2 - 15*n. What is the units digit of t(j)?
9
Let l(y) = -y - 6. Let m(k) = -14*k - 6. Let j be m(-2). Let a be l(j). Let o = -27 - a. What is the units digit of o?
1
Suppose 13*f - 66 = 16*f. What is the units digit of 2 + 180 + -2 + 24 + f?
2
Suppose 4*z - 3*t + 3 = 5, 10 = 2*z + 3*t. Suppose -m = z - 63. What is the units digit of m?
1
Let c(a) = -a**3 - 23*a**2 + 24*a + 105. What is the hundreds digit of c(-24)?
1
Let n(a) = -12*a**2 + 1. Let y be n(-1). Let w = y - -3. Let z = w - -23. What is the tens digit of z?
1
Let y = -30 + 33. Let n = -6 + 9. What is the tens digit of (n*y)/(30/200)?
6
Suppose -a + 1494 = 11. What is the thousands digit of a?
1
Let p(q) = -1 - 2 + 25*q + 4 - 3. What is the tens digit of p(3)?
7
What is the hundreds digit of (-5156)/(-36)*3*3?
2
What is the thousands digit of 372*(275/2)/11?
4
What is the units digit of (-26)/325 + (-163635)/(-125)?
9
Suppose -j = -5*x - 36, -j = 4*x - 7*x - 34. What is the units digit of 5*(0 - j/(-5))?
1
What is the tens digit of (-6 - -4)*(-1379)/14?
9
Let k be (-260)/(-28) - 4/14. Suppose 4*d + 2*b - 26 = 0, d - 5*d = -5*b + k. Suppose 5*p = d*p + 2. What is the units digit of p?
2
Let k(d) = -d**3 - 10*d**2 - 9*d + 12. Let t be k(-9). Let r = -2 + t. Suppose r = 3*p - 17. What is the units digit of p?
9
Suppose 0 = -a + 2*s - 6, 2*a - 2*s = 3*a + 2. What is the units digit of 23*(-40)/(-9) + a/18?
2
Suppose -r = -8*r + 847. What is the units digit of r?
1
Suppose 3*o = 0, -2*k - 2*o + 1 + 3 = 0. Suppose -k*u = -3*u + 3. What is the units digit of u?
3
Let r(j) = 4*j**2 - 7*j + 22. What is the units digit of r(6)?
4
Let j be (1 - 4/(-3))*3. Suppose 13*p = -j*p + 360. What is the tens digit of p?
1
Let a = 115 + -49. What is the tens digit of a?
6
Let c = 66 - -221. What is the hundreds digit of c?
2
Suppose 2 = 2*h + 3*p - 3, 3*h = -p - 3. What is the units digit of ((-30)/9)/(h/30)?
0
Let u(r) = 242*r - 330. What is the hundreds digit of u(7)?
3
Suppose -14 - 7 = -3*s. Let t(y) = y**3 - 4*y**2 + y + 7. What is the hundreds digit of t(s)?
1
Let h(j) = -67*j - 331. What is the tens digit of h(-25)?
4
Suppose b - 1034 = -2*u, -9*b + 1046 = 2*u - 5*b. What is the units digit of u?
5
Suppose w - 3*i - 9 = -2*w, 2*i = -4*w + 24. Let t(r) = -w*r - 7*r + 0*r + 0*r - 1. What is the units digit of t(-2)?
3
Let q = -2502 - -5244. What is the units digit of q?
2
Let q(x) = -x**2 - 2*x - 1. Let o be q(-3). Let p be (-51)/(-12) + 1/o. Suppose 80 = p*t - 104. What is the tens digit of t?
4
What is the units digit of 1 - 6 - (4 - (336 + 1))?
8
What is the thousands digit of 56/(-5 + (-2408)/(-480))?
3
Let v = 7 + -15. Let a(n) = -3*n + 9. Let z be a(v). Suppose z + 99 = 4*q. What is the units digit of q?
3
Suppose 1297 = 3*s + 2*o, -o + 6*o = -2*s + 883. Suppose 2*t = -2*y - 202, -4*y + 0*y + t = s. Let d = 153 + y. What is the tens digit of d?
4
Suppose l = 4 + 4. Suppose 284 = l*d - 4*d + 4*n, -3*n = 5*d - 363. What is the units digit of d?
5
Suppose -4*q - 16 = -2*x, 15 = -4*x - 5*q - 18. Let d = 1 - x. What is the units digit of d?
3
Let w = 15 + -10. Suppose 2*q - 7*q = b - 36, 2*b - w*q = 42. What is the tens digit of (21/3 - 4) + b?
2
Let z be (2*-1)/(-2)*-2. Suppose 0 = 4*m + 2*c + 152, -4*c + 178 = -4*m + 50. Let a = z - m. What is the tens digit of a?
3
Let t be ((-38)/3)/((-22)/363). Let g = -101 + t. What is the hundreds digit of g?
1
Suppose 140 + 181 = 3*u. Let o = 158 - u. What is the tens digit of o?
5
What is the units digit of ((-72)/15)/(-1*(-15)/(-2200))?
4
Suppose 58*g - 31372 = 47*g. What is the thousands digit of g?
2
Suppose 4*g - g - 243 = 0. Suppose u - 12 = 5*f - f, 3*u + 3*f = g. What is the tens digit of u?
2
Let b(s) = -3*s**2 + 2*s - 1. Let u be (8/32)/((-2)/(-8)). Let f be b(u). What is the units digit of f + (-17)/(-2 - -1)?
5
Let w be ((-837)/3)/(-6 + 5). Suppose -4*o + w = -o. What is the units digit of o?
3
What is the thousands digit of (-61641)/(-36) - 10/40?
1
Let m(q) = 479*q**2 + q - 1. What is the units digit of m(1)?
9
Suppose 46*a = 49*a - 7695. What is the thousands digit of a?
2
What is the units digit of 18872/84*(-6)/(-4)?
7
Let v = -17 + 1. What is the tens digit of 2*12*v/(-12)?
3
Let q(c) = 7*c**2 + 30*c + 16. Let n(o) = -11*o**2 - 45*o - 24. Let v(j) = 5*n(j) + 8*q(j). What is the hundreds digit of v(6)?
1
Suppose 8*y - 2759 = 2177. What is the hundreds digit of y?
6
Let h be